{"id":118,"date":"2022-06-28T13:46:15","date_gmt":"2022-06-28T13:46:15","guid":{"rendered":"https:\/\/brettmeier-steuerberatung.de\/?page_id=118"},"modified":"2023-10-19T08:10:29","modified_gmt":"2023-10-19T08:10:29","slug":"karriere","status":"publish","type":"page","link":"https:\/\/www.brettmeier-steuerberatung.de\/?page_id=118","title":{"rendered":"KARRIERE"},"content":{"rendered":"\n<div id=\"wp-block-themeisle-blocks-advanced-columns-5b884f46\" class=\"wp-block-themeisle-blocks-advanced-columns has-1-columns has-desktop-equal-layout has-tablet-equal-layout has-mobile-equal-layout has-vertical-unset\"><div class=\"wp-block-themeisle-blocks-advanced-columns-overlay\"><\/div><div class=\"innerblocks-wrap\">\n<div id=\"wp-block-themeisle-blocks-advanced-column-0d71c991\" class=\"wp-block-themeisle-blocks-advanced-column\"><\/div>\n<\/div><\/div>\n\n\n\n<div id=\"wp-block-themeisle-blocks-advanced-columns-d9cb5b64\" class=\"wp-block-themeisle-blocks-advanced-columns has-2-columns has-desktop-equal-layout has-tablet-equal-layout has-mobile-equal-layout has-vertical-unset has-light-bg\"><div class=\"wp-block-themeisle-blocks-advanced-columns-overlay\"><\/div><div class=\"innerblocks-wrap\">\n<div id=\"wp-block-themeisle-blocks-advanced-column-719b9b67\" class=\"wp-block-themeisle-blocks-advanced-column\">\n<h2 class=\"wp-block-heading\">Gestalten Sie Ihre Zukunft bei uns.<\/h2>\n\n\n\n<p>Als wachsende Kanzlei suchen wir stets motivierte Mitarbeiter mit denen wir gemeinsam unser Ziel, unsere Mandanten bestm\u00f6glich zu beraten und zu betreuen, erreichen k\u00f6nnen. In unserer Kanzlei bieten wir Ihnen ein freundliches und offenes Team, viele Weiterbildungsm\u00f6glichkeiten sowie eine leistungsgerechte Verg\u00fctung. F\u00fcr eine optimale Zusammenarbeit w\u00fcnschen wir uns fundierte steuerliche Fachkenntnisse und berufspraktische Erfahrung bei der Erstellung von Steuererkl\u00e4rungen und Jahresabschl\u00fcssen, gerne auch Kenntnisse in der Finanz- und Lohnabrechnung.&nbsp;<\/p>\n\n\n\n<p>Finden Sie Ihren Traumjob!<\/p>\n\n\n\n<div style=\"height:60px\" aria-hidden=\"true\" class=\"wp-block-spacer\"><\/div>\n\n\n\n<h2 class=\"wp-block-heading\">Benefits:<\/h2>\n<\/div>\n\n\n\n<div id=\"wp-block-themeisle-blocks-advanced-column-bac5827c\" class=\"wp-block-themeisle-blocks-advanced-column\"><\/div>\n<\/div><\/div>\n\n\n\n<div id=\"wp-block-themeisle-blocks-advanced-columns-33952daa\" class=\"wp-block-themeisle-blocks-advanced-columns has-1-columns has-desktop-equal-layout has-tablet-equal-layout has-mobile-equal-layout has-vertical-unset\"><div class=\"wp-block-themeisle-blocks-advanced-columns-overlay\"><\/div><div class=\"innerblocks-wrap\">\n<div id=\"wp-block-themeisle-blocks-advanced-column-9f4359a7\" class=\"wp-block-themeisle-blocks-advanced-column\">\n<figure class=\"wp-block-image aligncenter size-large\"><img loading=\"lazy\" decoding=\"async\" width=\"1024\" height=\"294\" src=\"https:\/\/www.brettmeier-steuerberatung.de\/wp-content\/uploads\/2023\/06\/benefits_steuber-1024x294.png\" alt=\"\" class=\"wp-image-173\" srcset=\"https:\/\/www.brettmeier-steuerberatung.de\/wp-content\/uploads\/2023\/06\/benefits_steuber-1024x294.png 1024w, https:\/\/www.brettmeier-steuerberatung.de\/wp-content\/uploads\/2023\/06\/benefits_steuber-300x86.png 300w, https:\/\/www.brettmeier-steuerberatung.de\/wp-content\/uploads\/2023\/06\/benefits_steuber-768x220.png 768w, https:\/\/www.brettmeier-steuerberatung.de\/wp-content\/uploads\/2023\/06\/benefits_steuber.png 1223w\" sizes=\"auto, (max-width: 1024px) 100vw, 1024px\" \/><\/figure>\n<\/div>\n<\/div><\/div>\n\n\n\n<div style=\"height:100px\" aria-hidden=\"true\" class=\"wp-block-spacer\"><\/div>\n\n\n\n<h2 class=\"wp-block-heading ticss-329f49d3\">Stellenangebote<\/h2>\n\n\n\n<div id=\"wp-block-themeisle-blocks-advanced-columns-63733bac\" class=\"wp-block-themeisle-blocks-advanced-columns has-2-columns has-desktop-oneTwo-layout has-tablet-equal-layout has-mobile-collapsedRows-layout has-vertical-unset\"><div class=\"wp-block-themeisle-blocks-advanced-columns-overlay\"><\/div><div class=\"innerblocks-wrap\">\n<div id=\"wp-block-themeisle-blocks-advanced-column-60ae886c\" class=\"wp-block-themeisle-blocks-advanced-column\">\n<figure class=\"wp-block-image size-large is-resized\"><img loading=\"lazy\" decoding=\"async\" width=\"1024\" height=\"1024\" src=\"https:\/\/www.brettmeier-steuerberatung.de\/wp-content\/uploads\/2023\/06\/Hands-1024x1024.png\" alt=\"\" class=\"wp-image-209\" style=\"width:512px;height:512px\" srcset=\"https:\/\/www.brettmeier-steuerberatung.de\/wp-content\/uploads\/2023\/06\/Hands-1024x1024.png 1024w, https:\/\/www.brettmeier-steuerberatung.de\/wp-content\/uploads\/2023\/06\/Hands-300x300.png 300w, https:\/\/www.brettmeier-steuerberatung.de\/wp-content\/uploads\/2023\/06\/Hands-150x150.png 150w, https:\/\/www.brettmeier-steuerberatung.de\/wp-content\/uploads\/2023\/06\/Hands-768x768.png 768w, https:\/\/www.brettmeier-steuerberatung.de\/wp-content\/uploads\/2023\/06\/Hands.png 1080w\" sizes=\"auto, (max-width: 1024px) 100vw, 1024px\" \/><\/figure>\n<\/div>\n\n\n\n<div id=\"wp-block-themeisle-blocks-advanced-column-59e60dc2\" class=\"wp-block-themeisle-blocks-advanced-column\">\n<h3 class=\"wp-block-heading\">Steuerfachangestellte | Voll- &amp; Teilzeit m\/w\/d<\/h3>\n\n\n\n<p>Als&nbsp;<strong>Steuerfachangestellte m\/w\/d&nbsp;<\/strong>agieren Sie als Ansprechpartner und Bindeglied zwischen unseren Mandanten und der Gesellschaft. <br>Dabei helfen Sie den Mandanten bei deren individuellen steuerlichen Fragestellungen und gestalten aktiv den Mandanten spezifischen Probleml\u00f6sungsprozess.<\/p>\n\n\n\n<div id=\"wp-block-themeisle-blocks-advanced-columns-e101d27f\" class=\"wp-block-themeisle-blocks-advanced-columns has-2-columns has-desktop-equal-layout has-tablet-equal-layout has-mobile-collapsedRows-layout has-vertical-unset\"><div class=\"wp-block-themeisle-blocks-advanced-columns-overlay\"><\/div><div class=\"innerblocks-wrap\">\n<div id=\"wp-block-themeisle-blocks-advanced-column-b14845f0\" class=\"wp-block-themeisle-blocks-advanced-column\">\n<h4 class=\"wp-block-heading\">Aufgaben:<\/h4>\n\n\n\n<ul class=\"wp-block-list\">\n<li>Finanzbuchhaltung <\/li>\n\n\n\n<li>Lohnbuchhaltung<\/li>\n\n\n\n<li>Steuererkl\u00e4rungen<\/li>\n\n\n\n<li>Jahresabschl\u00fcsse<\/li>\n<\/ul>\n\n\n\n<p class=\"has-luminous-vivid-orange-color has-text-color\"><a href=\"mailto:claudia.havergo@brettmeier.de\">&gt;Wir freuen uns auf Ihre Bewerbung<\/a><\/p>\n<\/div>\n\n\n\n<div id=\"wp-block-themeisle-blocks-advanced-column-7832708a\" class=\"wp-block-themeisle-blocks-advanced-column\">\n<h4 class=\"wp-block-heading\">Anforderungen:<\/h4>\n\n\n\n<ul class=\"wp-block-list\">\n<li>Abgeschlossene Berufsausbildung oder langj\u00e4hrige Berufserfahrung<\/li>\n\n\n\n<li>Kenntnisse im Umgang mit DATEV erw\u00fcnscht<\/li>\n<\/ul>\n<\/div>\n<\/div><\/div>\n<\/div>\n<\/div><\/div>\n\n\n\n<div id=\"wp-block-themeisle-blocks-advanced-columns-5be5a4c2\" class=\"wp-block-themeisle-blocks-advanced-columns has-2-columns has-desktop-oneTwo-layout has-tablet-equal-layout has-mobile-collapsedRows-layout has-vertical-unset\"><div class=\"wp-block-themeisle-blocks-advanced-columns-overlay\"><\/div><div class=\"innerblocks-wrap\">\n<div id=\"wp-block-themeisle-blocks-advanced-column-84e7a516\" class=\"wp-block-themeisle-blocks-advanced-column\">\n<figure class=\"wp-block-image size-large is-resized\"><img loading=\"lazy\" decoding=\"async\" width=\"1024\" height=\"1024\" src=\"https:\/\/www.brettmeier-steuerberatung.de\/wp-content\/uploads\/2023\/06\/Hands-1024x1024.png\" alt=\"\" class=\"wp-image-209\" style=\"width:512px;height:512px\" srcset=\"https:\/\/www.brettmeier-steuerberatung.de\/wp-content\/uploads\/2023\/06\/Hands-1024x1024.png 1024w, https:\/\/www.brettmeier-steuerberatung.de\/wp-content\/uploads\/2023\/06\/Hands-300x300.png 300w, https:\/\/www.brettmeier-steuerberatung.de\/wp-content\/uploads\/2023\/06\/Hands-150x150.png 150w, https:\/\/www.brettmeier-steuerberatung.de\/wp-content\/uploads\/2023\/06\/Hands-768x768.png 768w, https:\/\/www.brettmeier-steuerberatung.de\/wp-content\/uploads\/2023\/06\/Hands.png 1080w\" sizes=\"auto, (max-width: 1024px) 100vw, 1024px\" \/><\/figure>\n<\/div>\n\n\n\n<div id=\"wp-block-themeisle-blocks-advanced-column-a2412de4\" class=\"wp-block-themeisle-blocks-advanced-column\">\n<h3 class=\"wp-block-heading\">Bilanzbuchhalter \/ Steuerfachwirt | Voll- &amp; Teilzeit m\/w\/d<\/h3>\n\n\n\n<p>Als&nbsp;<strong>Bilanzbuchhalter \/ Steuerfachwirt m\/w\/d&nbsp;<\/strong>erledigen Sie anspruchsvolle Aufgaben aus dem Bereich der Steuer- und Unternehmensberatung. Sie agieren als das Bindeglied zwischen der Gesch\u00e4ftsf\u00fchrung und den Mandanten. <\/p>\n\n\n\n<div id=\"wp-block-themeisle-blocks-advanced-columns-38d48903\" class=\"wp-block-themeisle-blocks-advanced-columns has-2-columns has-desktop-equal-layout has-tablet-equal-layout has-mobile-collapsedRows-layout has-vertical-unset\"><div class=\"wp-block-themeisle-blocks-advanced-columns-overlay\"><\/div><div class=\"innerblocks-wrap\">\n<div id=\"wp-block-themeisle-blocks-advanced-column-ab74e0d5\" class=\"wp-block-themeisle-blocks-advanced-column\">\n<h4 class=\"wp-block-heading\">Aufgaben:<\/h4>\n\n\n\n<ul class=\"wp-block-list\">\n<li>Personalverantwortung<\/li>\n\n\n\n<li>Erstellung von anspruchsvollen Jahresabschl\u00fcssen und Steuererkl\u00e4rungen<\/li>\n\n\n\n<li>Unternehmensberatung<\/li>\n\n\n\n<li>Existenzgr\u00fcndungsberatung<\/li>\n<\/ul>\n\n\n\n<p class=\"has-luminous-vivid-orange-color has-text-color\"><a href=\"mailto:claudia.havergo@brettmeier.de\">&gt;Wir freuen uns auf Ihre Bewerbung<\/a><\/p>\n<\/div>\n\n\n\n<div id=\"wp-block-themeisle-blocks-advanced-column-2d0a0920\" class=\"wp-block-themeisle-blocks-advanced-column\">\n<h4 class=\"wp-block-heading\">Anforderungen:<\/h4>\n\n\n\n<ul class=\"wp-block-list\">\n<li>Abgeschlossene Ausbildung im Bereich des Steuerfachangestellten<\/li>\n\n\n\n<li>Abgeschlossene Weiterbildung zum Bilanzbuchhalter oder Steuerfachwirt<\/li>\n<\/ul>\n<\/div>\n<\/div><\/div>\n<\/div>\n<\/div><\/div>\n\n\n\n<div id=\"wp-block-themeisle-blocks-advanced-columns-8761e3d6\" class=\"wp-block-themeisle-blocks-advanced-columns has-2-columns has-desktop-oneTwo-layout has-tablet-equal-layout has-mobile-collapsedRows-layout has-vertical-unset\"><div class=\"wp-block-themeisle-blocks-advanced-columns-overlay\"><\/div><div class=\"innerblocks-wrap\">\n<div id=\"wp-block-themeisle-blocks-advanced-column-58c4fce8\" class=\"wp-block-themeisle-blocks-advanced-column\">\n<figure class=\"wp-block-image size-large is-resized\"><img loading=\"lazy\" decoding=\"async\" width=\"1024\" height=\"1024\" src=\"https:\/\/www.brettmeier-steuerberatung.de\/wp-content\/uploads\/2023\/06\/Hands-1024x1024.png\" alt=\"\" class=\"wp-image-209\" style=\"width:512px;height:512px\" srcset=\"https:\/\/www.brettmeier-steuerberatung.de\/wp-content\/uploads\/2023\/06\/Hands-1024x1024.png 1024w, https:\/\/www.brettmeier-steuerberatung.de\/wp-content\/uploads\/2023\/06\/Hands-300x300.png 300w, https:\/\/www.brettmeier-steuerberatung.de\/wp-content\/uploads\/2023\/06\/Hands-150x150.png 150w, https:\/\/www.brettmeier-steuerberatung.de\/wp-content\/uploads\/2023\/06\/Hands-768x768.png 768w, https:\/\/www.brettmeier-steuerberatung.de\/wp-content\/uploads\/2023\/06\/Hands.png 1080w\" sizes=\"auto, (max-width: 1024px) 100vw, 1024px\" \/><\/figure>\n<\/div>\n\n\n\n<div id=\"wp-block-themeisle-blocks-advanced-column-76169d61\" class=\"wp-block-themeisle-blocks-advanced-column\">\n<h3 class=\"wp-block-heading\">Steuerberater | Voll- &amp; Teilzeit m\/w\/d<\/h3>\n\n\n\n<p>Als&nbsp;<strong>Steuerberater m\/w\/d&nbsp;<\/strong>\u00fcbernehmen Sie qualifizierte Aufgaben bei der Erstellung von schwierigen Jahresabschl\u00fcssen und Steuererkl\u00e4rungen sowie T\u00e4tigkeiten im Bereich Steuergestaltung und Entlastung der Gesch\u00e4ftsf\u00fchrung. <\/p>\n\n\n\n<div id=\"wp-block-themeisle-blocks-advanced-columns-aa8be428\" class=\"wp-block-themeisle-blocks-advanced-columns has-2-columns has-desktop-equal-layout has-tablet-equal-layout has-mobile-collapsedRows-layout has-vertical-unset\"><div class=\"wp-block-themeisle-blocks-advanced-columns-overlay\"><\/div><div class=\"innerblocks-wrap\">\n<div id=\"wp-block-themeisle-blocks-advanced-column-5d562c7d\" class=\"wp-block-themeisle-blocks-advanced-column\">\n<h4 class=\"wp-block-heading\">Aufgaben:<\/h4>\n\n\n\n<ul class=\"wp-block-list\">\n<li>Personalverantwortung<\/li>\n\n\n\n<li>Erstellung von schwierigen Jahresabschl\u00fcssen und Steuererkl\u00e4rungen<\/li>\n\n\n\n<li>Gestaltende Steuerberatung<\/li>\n\n\n\n<li>Unternehmensberatung<\/li>\n\n\n\n<li>Existenzgr\u00fcndungsberatung<\/li>\n\n\n\n<li>Entlastung der Gesch\u00e4ftsf\u00fchrung<\/li>\n<\/ul>\n\n\n\n<p class=\"has-luminous-vivid-orange-color has-text-color\"><a href=\"mailto:claudia.havergo@brettmeier.de\">&gt;Wir freuen uns auf Ihre Bewerbung<\/a><\/p>\n<\/div>\n\n\n\n<div id=\"wp-block-themeisle-blocks-advanced-column-54d78382\" class=\"wp-block-themeisle-blocks-advanced-column\">\n<h4 class=\"wp-block-heading\">Anforderungen:<\/h4>\n\n\n\n<ul class=\"wp-block-list\">\n<li>Bestandenes Steuerberaterexamen<\/li>\n<\/ul>\n<\/div>\n<\/div><\/div>\n<\/div>\n<\/div><\/div>\n\n\n\n<div id=\"wp-block-themeisle-blocks-advanced-columns-610447ad\" class=\"wp-block-themeisle-blocks-advanced-columns has-2-columns has-desktop-oneTwo-layout has-tablet-equal-layout has-mobile-collapsedRows-layout has-vertical-unset\"><div class=\"wp-block-themeisle-blocks-advanced-columns-overlay\"><\/div><div class=\"innerblocks-wrap\">\n<div id=\"wp-block-themeisle-blocks-advanced-column-f0a9b8c0\" class=\"wp-block-themeisle-blocks-advanced-column\">\n<figure class=\"wp-block-image size-large is-resized\"><img loading=\"lazy\" decoding=\"async\" width=\"1024\" height=\"1024\" src=\"https:\/\/www.brettmeier-steuerberatung.de\/wp-content\/uploads\/2023\/06\/Hands-1024x1024.png\" alt=\"\" class=\"wp-image-209\" style=\"width:512px;height:512px\" srcset=\"https:\/\/www.brettmeier-steuerberatung.de\/wp-content\/uploads\/2023\/06\/Hands-1024x1024.png 1024w, https:\/\/www.brettmeier-steuerberatung.de\/wp-content\/uploads\/2023\/06\/Hands-300x300.png 300w, https:\/\/www.brettmeier-steuerberatung.de\/wp-content\/uploads\/2023\/06\/Hands-150x150.png 150w, https:\/\/www.brettmeier-steuerberatung.de\/wp-content\/uploads\/2023\/06\/Hands-768x768.png 768w, https:\/\/www.brettmeier-steuerberatung.de\/wp-content\/uploads\/2023\/06\/Hands.png 1080w\" sizes=\"auto, (max-width: 1024px) 100vw, 1024px\" \/><\/figure>\n<\/div>\n\n\n\n<div id=\"wp-block-themeisle-blocks-advanced-column-f82f4228\" class=\"wp-block-themeisle-blocks-advanced-column\">\n<h3 class=\"wp-block-heading\">Ausbildung \/ Duales Studium zum Steuerfachangestellten m\/w\/d<\/h3>\n\n\n\n<p>Du m\u00f6chtest nach der Schule in eine spannende Ausbildung oder ein Duales Studium starten? Wenn Du den Grundstein f\u00fcr Deine berufliche Karriere legen willst, bist Du bei uns genau richtig. <\/p>\n\n\n\n<p>Wir freuen uns auf deine Bewerbung und w\u00fcnschen viel Erfolg.<\/p>\n\n\n\n<div id=\"wp-block-themeisle-blocks-advanced-columns-fb404d80\" class=\"wp-block-themeisle-blocks-advanced-columns has-2-columns has-desktop-equal-layout has-tablet-equal-layout has-mobile-collapsedRows-layout has-vertical-unset\"><div class=\"wp-block-themeisle-blocks-advanced-columns-overlay\"><\/div><div class=\"innerblocks-wrap\">\n<div id=\"wp-block-themeisle-blocks-advanced-column-e90d8376\" class=\"wp-block-themeisle-blocks-advanced-column\">\n<h4 class=\"wp-block-heading\">Aufgaben:<\/h4>\n\n\n\n<ul class=\"wp-block-list\">\n<li>Dich erwartet eine dreij\u00e4hrige Berufsausbildung zum Fachangestellten in wirtschafts- und steuerberatenden Berufen oder ein \u00e4quivalentes duales Studium <\/li>\n<\/ul>\n\n\n\n<p class=\"has-luminous-vivid-orange-color has-text-color\"><a href=\"mailto:claudia.havergo@brettmeier.de\">&gt;Wir freuen uns auf Ihre Bewerbung<\/a><\/p>\n<\/div>\n\n\n\n<div id=\"wp-block-themeisle-blocks-advanced-column-12a59b20\" class=\"wp-block-themeisle-blocks-advanced-column\">\n<h4 class=\"wp-block-heading\">Anforderungen:<\/h4>\n\n\n\n<ul class=\"wp-block-list\">\n<li>Fachhochschulreife im Bereich Wirtschaft oder Abitur<\/li>\n\n\n\n<li>Interesse am teamorientierten Arbeiten<\/li>\n\n\n\n<li>Gute MS-Office Kenntnisse runden Dein Profil ab<\/li>\n<\/ul>\n<\/div>\n<\/div><\/div>\n<\/div>\n<\/div><\/div>\n\n\n\n<div id=\"wp-block-themeisle-blocks-advanced-columns-9140b2c9\" class=\"wp-block-themeisle-blocks-advanced-columns has-2-columns has-desktop-oneTwo-layout has-tablet-equal-layout has-mobile-collapsedRows-layout has-vertical-unset\"><div class=\"wp-block-themeisle-blocks-advanced-columns-overlay\"><\/div><div class=\"innerblocks-wrap\">\n<div id=\"wp-block-themeisle-blocks-advanced-column-134d50a9\" class=\"wp-block-themeisle-blocks-advanced-column\">\n<figure class=\"wp-block-image size-large is-resized\"><img loading=\"lazy\" decoding=\"async\" width=\"1024\" height=\"1024\" src=\"https:\/\/www.brettmeier-steuerberatung.de\/wp-content\/uploads\/2023\/06\/Hands-1024x1024.png\" alt=\"\" class=\"wp-image-209\" style=\"width:512px;height:512px\" srcset=\"https:\/\/www.brettmeier-steuerberatung.de\/wp-content\/uploads\/2023\/06\/Hands-1024x1024.png 1024w, https:\/\/www.brettmeier-steuerberatung.de\/wp-content\/uploads\/2023\/06\/Hands-300x300.png 300w, https:\/\/www.brettmeier-steuerberatung.de\/wp-content\/uploads\/2023\/06\/Hands-150x150.png 150w, https:\/\/www.brettmeier-steuerberatung.de\/wp-content\/uploads\/2023\/06\/Hands-768x768.png 768w, https:\/\/www.brettmeier-steuerberatung.de\/wp-content\/uploads\/2023\/06\/Hands.png 1080w\" sizes=\"auto, (max-width: 1024px) 100vw, 1024px\" \/><\/figure>\n<\/div>\n\n\n\n<div id=\"wp-block-themeisle-blocks-advanced-column-14a056b6\" class=\"wp-block-themeisle-blocks-advanced-column\">\n<h3 class=\"wp-block-heading\">Ausbildung \/ Duales Studium B\u00fcrokaufleute m\/w\/d<\/h3>\n\n\n\n<p>Du m\u00f6chtest nach der Schule in eine spannende Ausbildung oder ein Duales Studium starten? Wenn Du den Grundstein f\u00fcr Deine berufliche Karriere legen willst, bist Du bei uns genau richtig. <\/p>\n\n\n\n<p>Wir freuen uns auf deine Bewerbung und w\u00fcnschen viel Erfolg.<\/p>\n\n\n\n<div id=\"wp-block-themeisle-blocks-advanced-columns-64214821\" class=\"wp-block-themeisle-blocks-advanced-columns has-2-columns has-desktop-equal-layout has-tablet-equal-layout has-mobile-collapsedRows-layout has-vertical-unset\"><div class=\"wp-block-themeisle-blocks-advanced-columns-overlay\"><\/div><div class=\"innerblocks-wrap\">\n<div id=\"wp-block-themeisle-blocks-advanced-column-f0b66c18\" class=\"wp-block-themeisle-blocks-advanced-column\">\n<h4 class=\"wp-block-heading\">Aufgaben:<\/h4>\n\n\n\n<ul class=\"wp-block-list\">\n<li>Dich erwartet eine dreij\u00e4hrige Berufsausbildung zum B\u00fcrokaufmann\/ -frau<\/li>\n\n\n\n<li>Oder ein duales Studium im wirtschafts- und steuerberatenden  Bereich<\/li>\n<\/ul>\n\n\n\n<p class=\"has-luminous-vivid-orange-color has-text-color\"><a href=\"mailto:claudia.havergo@brettmeier.de\">&gt;Wir freuen uns auf Ihre Bewerbung<\/a><\/p>\n<\/div>\n\n\n\n<div id=\"wp-block-themeisle-blocks-advanced-column-a4320663\" class=\"wp-block-themeisle-blocks-advanced-column\">\n<h4 class=\"wp-block-heading\">Anforderungen:<\/h4>\n\n\n\n<ul class=\"wp-block-list\">\n<li>Mittlere Reife \/ Fachhochschulreife im Bereich Wirtschaft oder Abitur<\/li>\n\n\n\n<li>Interesse am teamorientierten Arbeiten<\/li>\n\n\n\n<li>Gute MS-Office Kenntnisse runden Dein Profil ab<\/li>\n<\/ul>\n<\/div>\n<\/div><\/div>\n<\/div>\n<\/div><\/div>\n","protected":false},"excerpt":{"rendered":"<p>Stellenangebote<\/p>\n","protected":false},"author":2,"featured_media":0,"parent":0,"menu_order":0,"comment_status":"closed","ping_status":"closed","template":"","meta":{"zakra_page_container_layout":"customizer","zakra_page_sidebar_layout":"customizer","zakra_remove_content_margin":false,"zakra_sidebar":"customizer","zakra_transparent_header":"customizer","zakra_logo":0,"zakra_main_header_style":"default","zakra_menu_item_color":"","zakra_menu_item_hover_color":"","zakra_menu_item_active_color":"","zakra_menu_active_style":"","zakra_page_header":true,"_themeisle_gutenberg_block_has_review":false,"footnotes":""},"class_list":["post-118","page","type-page","status-publish","hentry"],"_links":{"self":[{"href":"https:\/\/www.brettmeier-steuerberatung.de\/index.php?rest_route=\/wp\/v2\/pages\/118","targetHints":{"allow":["GET"]}}],"collection":[{"href":"https:\/\/www.brettmeier-steuerberatung.de\/index.php?rest_route=\/wp\/v2\/pages"}],"about":[{"href":"https:\/\/www.brettmeier-steuerberatung.de\/index.php?rest_route=\/wp\/v2\/types\/page"}],"author":[{"embeddable":true,"href":"https:\/\/www.brettmeier-steuerberatung.de\/index.php?rest_route=\/wp\/v2\/users\/2"}],"replies":[{"embeddable":true,"href":"https:\/\/www.brettmeier-steuerberatung.de\/index.php?rest_route=%2Fwp%2Fv2%2Fcomments&post=118"}],"version-history":[{"count":11,"href":"https:\/\/www.brettmeier-steuerberatung.de\/index.php?rest_route=\/wp\/v2\/pages\/118\/revisions"}],"predecessor-version":[{"id":235,"href":"https:\/\/www.brettmeier-steuerberatung.de\/index.php?rest_route=\/wp\/v2\/pages\/118\/revisions\/235"}],"wp:attachment":[{"href":"https:\/\/www.brettmeier-steuerberatung.de\/index.php?rest_route=%2Fwp%2Fv2%2Fmedia&parent=118"}],"curies":[{"name":"wp","href":"https:\/\/api.w.org\/{rel}","templated":true}]}}